{"id":3981,"date":"2026-04-28T12:29:58","date_gmt":"2026-04-28T09:29:58","guid":{"rendered":"https:\/\/korvalaanen.fi\/?post_type=product&#038;p=3981"},"modified":"2026-04-28T12:31:17","modified_gmt":"2026-04-28T09:31:17","slug":"aitienpaivaruokailu-10-5-klo-13","status":"publish","type":"product","link":"https:\/\/korvalaanen.fi\/de\/produkt\/aitienpaivaruokailu-10-5-klo-13\/","title":{"rendered":"\u00c4itienp\u00e4iv\u00e4ruokailu 10.5. klo 13"},"content":{"rendered":"","protected":false},"excerpt":{"rendered":"<p>Korvalaanen oy jatkaa kes\u00e4kahvilassa Yli-Laurosela talomuseolla ja kahvila korvapuusti her\u00e4\u00e4 henkiin talven horroksesta.<br \/>\nOsa jo varmasti huomanneet, ett\u00e4 uusi komia aita rakenteilla pihan ymp\u00e4rille. Ihanaa saada uutta ryhti\u00e4 markille!<\/p>\n<p>Pidet\u00e4\u00e4n \u00c4itienp\u00e4iv\u00e4ruokailu varasl\u00e4ht\u00f6n\u00e4 kes\u00e4\u00e4n ja toivotetaan kaikki \u00e4itien ja mummojen kanssa sy\u00f6m\u00e4\u00e4n <strong>sunnuntaina 10.5 klo 13<\/strong><\/p>\n<p><strong>Tarjolla<\/strong><\/p>\n<p>\u25b6\ufe0fPiim\u00e4velli, leiv\u00e4t, leikkeleit\u00e4, ruokajuoma kera kakkukahvit. (Laktoositonta)<br \/>\n<strong>Hinta 13\u20ac aikuinen (lapset ik\u00e4vuosien mukaan1\u20ac\/vuosi)<\/strong><\/p>\n<p>\u25b6\ufe0fPerunoita ja lihapullia soosilla<br \/>\nPorkkanaraaste<br \/>\nPuolukkahillo<br \/>\nLeip\u00e4, leikkele ja ruokajuoma<br \/>\nKakkukahvit (laktoositonta ja gluteenitonta)<br \/>\n<strong>Hinta 16\u20ac aikuinen (lapset ik\u00e4vuosien mukaan 1\u20ac\/vuosi)<\/strong><\/p>\n<p>Paikkoja rajoitetusti.<\/p>\n<p>Ruokailu on p\u00e4\u00e4tuvassa l\u00e4mp\u00f6isess\u00e4 vanhassa kahvilassa. Huomiohan t\u00e4m\u00e4, koska liikuntarajoitteisille ei onnistu p\u00e4\u00e4tupaan p\u00e4\u00e4seminen.<\/p>\n<p>Syd\u00e4mellisesti tervetuloa \u2698\ufe0fruokailu Ilmajoen Yli-lauroselan talomuseolla<\/p>\n<p><strong>HUOM! Lasten maksu hoidetaan paikanp\u00e4\u00e4ll\u00e4, laita siis tilauksen yhteyteen viesti, ett\u00e4 montako lasta tulee.<\/strong><\/p>","protected":false},"featured_media":3980,"template":"","meta":{"slim_seo":{"title":"\u00c4itienp\u00e4iv\u00e4ruokailu 10.5. klo 13 - Korvalaanen","description":"Korvalaanen oy jatkaa kes\u00e4kahvilassa Yli-Laurosela talomuseolla ja kahvila korvapuusti her\u00e4\u00e4 henkiin talven horroksesta. Osa jo varmasti huomanneet, ett\u00e4 uusi k"}},"product_brand":[],"product_cat":[119],"product_tag":[],"class_list":{"0":"post-3981","1":"product","2":"type-product","3":"status-publish","4":"has-post-thumbnail","6":"product_cat-ruokailu","8":"first","9":"instock","10":"taxable","11":"shipping-taxable","12":"purchasable","13":"product-type-variable"},"_links":{"self":[{"href":"https:\/\/korvalaanen.fi\/de\/wp-json\/wp\/v2\/product\/3981","targetHints":{"allow":["GET"]}}],"collection":[{"href":"https:\/\/korvalaanen.fi\/de\/wp-json\/wp\/v2\/product"}],"about":[{"href":"https:\/\/korvalaanen.fi\/de\/wp-json\/wp\/v2\/types\/product"}],"wp:featuredmedia":[{"embeddable":true,"href":"https:\/\/korvalaanen.fi\/de\/wp-json\/wp\/v2\/media\/3980"}],"wp:attachment":[{"href":"https:\/\/korvalaanen.fi\/de\/wp-json\/wp\/v2\/media?parent=3981"}],"wp:term":[{"taxonomy":"product_brand","embeddable":true,"href":"https:\/\/korvalaanen.fi\/de\/wp-json\/wp\/v2\/product_brand?post=3981"},{"taxonomy":"product_cat","embeddable":true,"href":"https:\/\/korvalaanen.fi\/de\/wp-json\/wp\/v2\/product_cat?post=3981"},{"taxonomy":"product_tag","embeddable":true,"href":"https:\/\/korvalaanen.fi\/de\/wp-json\/wp\/v2\/product_tag?post=3981"}],"curies":[{"name":"wp","href":"https:\/\/api.w.org\/{rel}","templated":true}]}}

Äitienpäiväruokailu 10.5. klo 13

<p>Korvalaanen oy jatkaa kesäkahvilassa Yli-Laurosela talomuseolla ja kahvila korvapuusti herää henkiin talven horroksesta.<br />
Osa jo varmasti huomanneet, että uusi komia aita rakenteilla pihan ympärille. Ihanaa saada uutta ryhtiä markille!</p>
<p>Pidetään Äitienpäiväruokailu varaslähtönä kesään ja toivotetaan kaikki äitien ja mummojen kanssa syömään <strong>sunnuntaina 10.5 klo 13</strong></p>
<p><strong>Tarjolla</strong></p>
<p>▶️Piimävelli, leivät, leikkeleitä, ruokajuoma kera kakkukahvit. (Laktoositonta)<br />
<strong>Hinta 13€ aikuinen (lapset ikävuosien mukaan1€/vuosi)</strong></p>
<p>▶️Perunoita ja lihapullia soosilla<br />
Porkkanaraaste<br />
Puolukkahillo<br />
Leipä, leikkele ja ruokajuoma<br />
Kakkukahvit (laktoositonta ja gluteenitonta)<br />
<strong>Hinta 16€ aikuinen (lapset ikävuosien mukaan 1€/vuosi)</strong></p>
<p>Paikkoja rajoitetusti.</p>
<p>Ruokailu on päätuvassa lämpöisessä vanhassa kahvilassa. Huomiohan tämä, koska liikuntarajoitteisille ei onnistu päätupaan pääseminen.</p>
<p>Sydämellisesti tervetuloa ⚘️ruokailu Ilmajoen Yli-lauroselan talomuseolla</p>
<p><strong>HUOM! Lasten maksu hoidetaan paikanpäällä, laita siis tilauksen yhteyteen viesti, että montako lasta tulee.</strong></p>

Äitienpäiväruokailu 10.5. klo 13 - Korvalaanen

Korvalaanen oy jatkaa kesäkahvilassa Yli-Laurosela talomuseolla ja kahvila korvapuusti herää henkiin talven horroksesta. Osa jo varmasti huomanneet, että uusi k
